he units digit of 0 - -3 - 1*c?
5
Let m(g) = -g**3 + 3*g**2 + 6*g - 6. Let q be m(4). Let r(l) = l**2 + 4*l + 6. Let d be r(-4). Suppose -d*z + 8 = -q*z. What is the units digit of z?
2
Let s be ((-198)/(-30))/((-3)/(-15)). Suppose 5*y = -s + 178. What is the tens digit of y?
2
Suppose 0*r + 8*r - 96 = 0. What is the units digit of r?
2
Let d be 0 + (5 - (-1 - -3)). Let n = d + 1. What is the units digit of n?
4
Let n(p) be the third derivative of p**5/30 - 5*p**4/24 + p**3/2 + p**2. What is the units digit of n(3)?
6
Let o(z) = -z**2 - z. Let h(f) = f**2 + f + 1. Let v(j) = -h(j) - 2*o(j). Let x = -6 + 8. What is the units digit of v(x)?
5
Let k(q) be the first derivative of 1/2*q**2 - q - q**3 + 1/4*q**4 + 1. What is the units digit of k(3)?
2
Let w(c) = 47*c**2 + 1. What is the tens digit of w(1)?
4
What is the tens digit of (70/8)/((-9)/(-36))?
3
Let s = 58 + 41. What is the units digit of s?
9
Let r = 78 - 23. What is the tens digit of r?
5
Let v be 164/(-16) - 3/(-12). Suppose 68 = -2*g - 2*g. Let h = v - g. What is the units digit of h?
7
Let v = -461 - -718. What is the tens digit of v?
5
Let u(r) be the third derivative of -r**6/120 + r**5/15 + 7*r**4/24 - 2*r**3/3 - 3*r**2. What is the units digit of u(5)?
6
Suppose 13*b = b + 3180. What is the hundreds digit of b?
2
Let r(q) = -2*q + 1. What is the units digit of r(-3)?
7
What is the units digit of (-2)/(-19) - 511/(-19)?
7
Let d be 3/(-3 + (-27)/(-12)). Let s(l) = 4*l**2 + 8*l - 3. Let b(n) = 5*n**2 + 8*n - 3. Let t(u) = d*s(u) + 3*b(u). What is the units digit of t(-7)?
0
Let j be (-8)/4 + 0/1. Let w be (1 + j)/(2/(-30)). Let i = 23 - w. What is the units digit of i?
8
Let w(v) = -v**2 - 5*v - 4. Let i be w(-4). Let m(a) = -a + 5*a**3 + 0*a**2 - a**2 - 4*a**3 + 6. What is the units digit of m(i)?
6
Suppose -3*g + 279 = 3*f, -4*g + 131 = -2*f - 217. Suppose -3*q = -5*d - 0*q + 102, 4*d + 5*q - g = 0. What is the tens digit of d?
2
Let d(l) be the third derivative of l**4/24 - 2*l**3/3 + 4*l**2. What is the units digit of d(7)?
3
Let i be (-1 + (-4)/(-3))*3. Suppose -r = -10 + i. What is the units digit of r?
9
Let y = 95 - 35. Suppose -a - 2*a = -y. What is the units digit of a?
0
Suppose -882 = -6*p + 780. What is the tens digit of p?
7
Let c(u) = 79*u - 9. Let r be c(3). Suppose r = 3*b + 3*b. What is the tens digit of b?
3
Let w(h) = -h + 1. Let g be w(1). Let y = g - 0. Suppose 0 = -y*f + 2*f - 2. What is the units digit of f?
1
Let b = 29 - -24. What is the units digit of b?
3
Suppose 2*b - 3*g = -11, -3*b + 3*g = -4*b + 8. What is the units digit of b + 1 + 2 + 0?
2
Suppose 33*h - 308 = 31*h. What is the units digit of h?
4
Suppose 3*x = -3*w - 30, 4*x - 2*w + 4 = -6. Let g = x - -11. What is the units digit of g?
6
Suppose -179 = -5*h + 321. What is the tens digit of h?
0
Let v be (24/14)/(10/35). Let s = 10 - v. What is the units digit of s?
4
Let j(r) = -r**2 + 15*r - 3. Let c be j(13). Suppose -3 = 4*p - c. What is the units digit of p?
5
What is the units digit of 6*(8/6 + 4)?
2
Let x(k) = k**2 + 3*k + 2. Let a be x(-3). Suppose 17 = a*d - d. What is the tens digit of d?
1
Let u be 5/(2/(-4)*-2). Suppose 0 = -u*k - 4*j - 32, -4*j - 15 - 13 = 4*k. What is the tens digit of ((-26)/k)/((-2)/(-4))?
1
Let c be (-45)/((-9)/3) - 2. Let y(u) be the first derivative of -u**2/2 + 18*u - 1. What is the units digit of y(c)?
5
Let a(q) = -q**2 + 11*q - 1. Suppose -5*v + 0*w = 5*w - 30, -2*w = -3*v + 23. Let t be (v + -6)*(9 + 0). What is the tens digit of a(t)?
1
Suppose -3*c - 2*r + 80 = 2*r, 5*c + 2*r = 152. What is the units digit of c?
2
Suppose -2*i + 27 - 11 = 4*o, -3*o + 5*i + 25 = 0. Suppose 4*b + 19 = 5*a + 95, -4*b - 2*a = -104. Suppose -o*l + 3*l = -b. What is the units digit of l?
2
Suppose -a = 2*o - 29, -3*o = -0*a - 2*a + 37. What is the units digit of (3 + -1 + -1)*a?
3
Let r(n) be the first derivative of -n**3/3 - 4*n**2 + n + 1. Suppose -2*b - 2*i - 12 = 0, 3*i + 11 = 2*b - 4*b. What is the units digit of r(b)?
8
Suppose l - 81 = 4*x, -4*l + 243 = -l - 5*x. What is the units digit of l?
1
Suppose 0 = 17*r - 16*r - 21. What is the tens digit of r?
2
Suppose 2*m - 21 = -m. Let p(q) = -q**3 + 6*q**2 + 8*q + 6. What is the tens digit of p(m)?
1
Let w = -34 - -77. Let a(m) = 3*m + 1. Let k be a(1). Suppose 3*c + w = 6*c + 2*x, 4*c - 84 = k*x. What is the units digit of c?
7
Let o = -27 - -51. Suppose 2*a = -0*a + 4*l - 4, 3*a - o = -4*l. Suppose -a*m = -10 - 2. What is the units digit of m?
3
Let b be (-2)/9 - (-112)/18. Suppose -b*g - 10 = -g. What is the units digit of 9/g*(-8)/6?
6
Let r(a) = 2*a**2 - 2*a + 1. Let k = -3 + 1. What is the units digit of r(k)?
3
Let h be 1/(3 + (-28)/10). Suppose 0 = d - 3*t + t - 6, 0 = 3*d + h*t - 73. Suppose -y = -3*y + d. What is the units digit of y?
8
Let k be 138/42 - 2/7. What is the tens digit of k*-1 - 44/(-2)?
1
Let j = 16 - 8. Suppose -5 - j = -q. What is the tens digit of q?
1
Let c(h) be the third derivative of h**5/60 - 5*h**4/24 - h**3/3 + h**2. Let i be c(5). Let s(j) = -3*j - 2. What is the units digit of s(i)?
4
Let j(x) = -x**2 - 4*x + 2. Let u be 8*(3/2 - 2). Let q be j(u). Suppose -1 = -q*p + 11. What is the units digit of p?
6
Let v(l) = 7*l**3 - 2*l**2 - 1. What is the units digit of v(2)?
7
Let l = -4 + 4. Let m be (1 + l)*(-1 - 1). What is the units digit of (2 + 22)/3 + m?
6
Let c(a) = -a**3 + 9*a**2 - 12*a - 1. Let x be (0 + (0 - 3))*-2. What is the units digit of c(x)?
5
Suppose -1 = -7*t + 8*t. Let d = 14 + t. What is the tens digit of d?
1
Suppose 3*b - b = 30. Suppose -3*z = -9, 4*z + b = 2*t - 7. What is the tens digit of t?
1
Suppose c + 2*c + 2*b - 14 = 0, c + 4*b = 18. Suppose -14 = -2*d + c. Let z = -5 + d. What is the units digit of z?
3
Suppose 6*p - 20 = 2*p. Suppose -5*x + p = -3*f, 2*x + x + f - 3 = 0. What is the units digit of x?
1
Let r(k) = -k**3 + 2*k**2 + 2*k + 1. Let o be r(2). Suppose o*f + 15 = 35. Suppose -7 = -f*q + 1. What is the units digit of q?
2
Suppose -h = -5*h + 3*y + 603, 0 = -4*h - 2*y + 618. What is the units digit of h?
3
Suppose -10 = 21*l - 22*l. What is the units digit of l?
0
Suppose -3*a = 5*v - 368, -244 = -2*a - 6*v + 3*v. Suppose 4*y = 7*y - 3*z - 87, 2*z = 4*y - a. What is the units digit of y?
9
Let o(l) be the second derivative of l**3/6 + 3*l. Let i(p) = 11*p - 1. Let u(y) = i(y) - 3*o(y). What is the units digit of u(2)?
5
Suppose 204 = 5*j - 136. What is the tens digit of j?
6
Let o = 9 + -9. Let l(j) = -j + 4. What is the units digit of l(o)?
4
Let t(f) be the first derivative of 17*f**4/4 - f**2/2 - 3. What is the tens digit of t(1)?
1
Let q(o) = 4*o + 3. Let l(s) = 3*s + 4. Let h(d) = 5*l(d) - 4*q(d). Suppose -2*g + 10 = 4*y + 4, -2*g + 4*y + 22 = 0. What is the units digit of h(g)?
1
What is the units digit of 1/2 - 18569/(-62)?
0
Let f(n) = n**2 + 11*n - 15. Let k be f(-12). Let u(d) = -d**2 - 7*d - 4. What is the units digit of u(k)?
8
Suppose 0 = -4*g - 4 + 20. Suppose g*x = -f - x - 11, 0 = -4*f - 3*x + 7. What is the units digit of f?
4
Let h be (-6)/(-9) - 8/12. Suppose 4*y = 2*z + 96, 4*y + h*z - 88 = -2*z. What is the units digit of y?
3
What is the hundreds digit of 1224/12 - (2 + 1)/(-3)?
1
Let s(i) = 21*i - 49. What is the hundreds digit of s(12)?
2
Let w be (-3)/6*(2 + -4). Suppose 65 = 2*c - w. What is the units digit of c?
3
Let r(o) = -o**3 + 4*o**2 + 4*o + 7. Suppose 0*h = -5*h + 25. Let t be r(h). Suppose 19 = t*u + 1. What is the units digit of u?
9
What is the hundreds digit of 4/26 - (-30563)/169?
1
Let c = -2 + 31. What is the units digit of c?
9
Suppose -g = -6*g. Suppose -5*x + 5*d + 8 - 23 = 0, g = -3*x + 4*d - 14. Suppose -2*l + 3*y = -0*y - 18, x*y + 5 = -l. What is the units digit of l?
3
Let a be -1*(10 + -2 - -2). What is the units digit of (-32)/a + (-2)/10?
3
Suppose 5*a - 4*w - 20 = 0, 0 = -2*a + 2*w + 5 + 3. Let u be 4/8*(2 + 0). Suppose 0 = i + 5*f - 2 + u, -2*f = i - a. What is the units digit of i?
6
Let v(k) = -k - 1. Let q be v(-6). Let a(p) = -4*p + p**2 - 5 + 3*p - q*p. What is the units digit of a(7)?
2
What is the hundreds digit of (-1684)/(-14) + (-2)/7?
1
Suppose c + 3*c = 80. Let t = -6 + c. What is the units digit of t?
4
Let f(r) = 2*r - 19. Let q be f(9). Let k(s) = -24*s + 1. What is the units digit of